e x - 4 = -2*m, 3*x + 5*m - 10 = 2. Suppose -x*j + 38 = 2*s, 4*j - 4*s + 22 - 78 = 0. What is the remainder when 40 is divided by j?
7
Let c = 182 - 168. Suppose 4*a = -20 + 196. Calculate the remainder when a is divided by c.
2
Suppose 2*a = 8, a = -2*y - 0*a + 7986. What is the remainder when y is divided by 363?
361
Let m be (-13820)/260 - 4/(-26). Let b = m + 91. Calculate the remainder when b is divided by (-128)/36 + 4 - (-340)/45.
6
Suppose 21*w + 685 = 24*w + d, -2*w - d + 457 = 0. Calculate the remainder when w is divided by 89.
50
What is the remainder when 7309020/1997*((-16)/(-10) - 1) is divided by 115?
11
Calculate the remainder when (94/5)/((-52)/(-1755)) - (-40)/(-16) is divided by 161.
149
Suppose 42003 + 203853 = 24*x. Calculate the remainder when x is divided by 94.
92
Suppose -5*p = -40 - 10. Suppose -8 = -3*u + 1. Suppose -2*s = 0, 0 = -b - u*s - s + 27. Calculate the remainder when b is divided by p.
7
Suppose -4*a + 12*c + 25854 = 14*c, -2*c + 12922 = 2*a. Calculate the remainder when a is divided by 294.
292
Let w = 14 - 9. Suppose 3*g - 220 = w*y, 121 + 27 = 2*g - 4*y. Let z = -665 - -677. What is the remainder when g is divided by z?
10
Let j = -31 + 32. Let k = -621 - -927. What is the remainder when k is divided by 2/4*j - 522/(-12)?
42
Let h(t) = 45*t**2 - t. Let l be h(1). Let v = -28 + l. Let o(d) = -126*d**2 + 7060*d - 164. What is the remainder when o(56) is divided by v?
12
Let m(i) = 52*i - 101. What is the remainder when 196 is divided by m(3)?
31
Suppose 0 = 5*a - u - 12304, -4*a - 2*u - 1121 + 10981 = 0. What is the remainder when a is divided by 112?
110
Let p = 413 - 266. What is the remainder when p is divided by (-9)/(-12) + (3611/92 - 3)?
36
Let a = 42270 + -34956. Calculate the remainder when a is divided by 2436.
6
Let c = -2300 + 2666. What is the remainder when c is divided by 20?
6
Let l = -41 + 44. Let g be (l/(-12)*-2)/((-4)/(-24)). Suppose -2*j - 4*d + 54 = -g*d, 4*j - 96 = -5*d. Calculate the remainder when 51 is divided by j.
22
Let k = -67 - -130. Suppose 4*j - 82 = 14. Calculate the remainder when k is divided by j.
15
Suppose 4*z + 57 = 309. Suppose -17*o = -27*o + 440. Suppose -3*v + 2*a + o = -5, 0 = -4*v - 5*a + 27. What is the remainder when z is divided by v?
11
Suppose 3*d - 397 = -0*d + 2*z, -653 = -5*d - z. Let j = 147 - d. What is the remainder when j is divided by 9?
7
Let n(l) = -2*l**2 + 157*l - 1489. Calculate the remainder when n(63) is divided by 84.
44
Suppose 6*l = -1607 + 4547. What is the remainder when l is divided by 58?
26
Suppose s + x - 34 = -x, -4*x + 16 = 0. Suppose 3*g - 8*g + 2*k = -1190, 939 = 4*g + k. Let f = 339 - g. What is the remainder when f is divided by s?
25
Let a(k) = 99*k - 1250. What is the remainder when a(47) is divided by 74?
73
Suppose -702 = -4*k - i + 3*i, 4*k + 3*i = 727. Suppose -64 + k = p. Calculate the remainder when p is divided by 40.
34
Let x(f) = 30*f - 28. Let b(w) = 15*w - 13. Let y(n) = -11*b(n) + 6*x(n). Calculate the remainder when 91 is divided by y(5).
41
Let k be (-4)/18 - 282/(-54). What is the remainder when 0 + k/8*4*8 is divided by (-24)/(-4) - 0/(-1)?
2
Suppose 4*w = f + 563, 7*w - 11*w = -3*f - 553. Suppose -2 = d - 6, -5*c = -d - 176. What is the remainder when w is divided by c?
34
What is the remainder when 1716 is divided by (-2)/4*(-12)/9*(-46116)/(-72)?
8
Let v(o) = 229*o + 3906. Calculate the remainder when 491 is divided by v(-17).
10
Let p(j) = -18*j + 2. Let w be p(-6). Let v = 225 - w. What is the remainder when v is divided by 30?
25
Suppose -w - 53*o = -52*o - 373, -3*w = o - 1123. What is the remainder when w is divided by 9?
6
Suppose 595*b - 3721 - 1634 = 0. Calculate the remainder when 7414 is divided by b.
7
Suppose -5*x + 4*d = 1, 0 = 3*x - d - 5. Suppose q - 2 + x = -4*f, 0 = -3*q + f + 10. Suppose -q*u + 480 = 5*u. Calculate the remainder when u is divided by 16.
12
Suppose -i + 31 + 33 = 0. Let x = i + -62. Suppose 0 = 5*o - 0*u - u - 127, -x*u + 21 = o. What is the remainder when o is divided by 14?
11
Let y(o) = -o - 7. Let b(n) be the first derivative of -n**3/3 - 3*n**2/2 - 7*n + 23. Let q be b(-5). What is the remainder when 28 is divided by y(q)?
8
Suppose -24*y - 1989 = -37*y. What is the remainder when 582 is divided by y?
123
Suppose 10*d - 1820 = -4*d. Suppose -5*t - 2*o + d = 0, -4*o + 5*o - 53 = -2*t. Calculate the remainder when 119 is divided by t.
23
Let x(o) = -419 + 0*o + 210 - o + 216. Suppose 16 = -a - a. What is the remainder when x(a) is divided by 7?
1
Suppose -35*s - 12600 = -10*s. Let x = s - -529. Calculate the remainder when 194 is divided by x.
19
Suppose h + 122 = 3*q + 37, 0 = 5*q + h - 131. What is the remainder when 130 is divided by q?
22
Let x(c) = -1. Let p be 3*((-28)/12 - -1) + 3. Let o(z) = 6*z - 10. Let w(u) = p*o(u) + 5*x(u). What is the remainder when w(-3) is divided by 4?
3
Suppose 6*o - 14 = 784. Suppose 2*x - 175 = 4*k + 241, 0 = -k - x - 98. Let q = k + o. Calculate the remainder when 122 is divided by q.
29
Let g(b) be the first derivative of 3*b**2/2 + 4*b - 5. Let c be g(-11). Let j = -12 - c. What is the remainder when 101 is divided by j?
16
Let f be 2*10/14*(-336)/(-32). Suppose -4*h - f = -t, 4*h - 37 = -3*t - 8. What is the remainder when 2 + -1 - -30 - 0 is divided by t?
9
Let v(f) = f**3 + 23*f**2 + 26*f + 102. Let b be v(-22). What is the remainder when 200 is divided by ((-119)/b)/((-1)/6)?
47
Let v(w) = 38*w + 3371. Calculate the remainder when v(-46) is divided by 270.
3
Suppose -4*w + 2*n = -106, 0*w - 31 = -w - n. Calculate the remainder when 146 is divided by w.
6
Let u(k) = -1173*k - 5829. Calculate the remainder when u(-5) is divided by 21.
15
Suppose 7*o - 15*o = 10*o - 11484. What is the remainder when 648 is divided by o?
10
Let u = -18942 - -18988. What is the remainder when 89 is divided by u?
43
Suppose 43*w + 223 = -422. Suppose 0 = 8*x - 3*x - 15, 4*k + 122 = 2*x. Let i = w - k. Calculate the remainder when 55 is divided by i.
13
Suppose 31*m - 70 = 54. Suppose 4*h + 0*y - 256 = -m*y, -4*y + 126 = 2*h. Calculate the remainder when 129 is divided by h.
64
Let l(s) = 2*s**3 + 11*s**2 + 3*s - 7. Let n(c) = 3*c**3 + c**2 - 2*c. Let t be n(1). What is the remainder when l(-4) is divided by 17 + ((-16)/t)/4?
14
Suppose 0 = -4*z - 646 - 110. Let i = 295 + z. What is the remainder when i is divided by 12?
10
What is the remainder when (-13)/(312/(-1128)) - (-1 + -5)*1 is divided by (8/(-6))/((-1)/3)?
1
Suppose -3*l + 4*l - 7 = 3*i, -3*l + 4*i = -1. Let k be l/10*(116 + -2)/3. Let o = k - -47. What is the remainder when 53 is divided by o?
25
Let f(k) = k**3 + 16*k**2 - 12*k - 6. Let h be f(-18). Let b = h + 457. Calculate the remainder when 169 is divided by b.
17
Suppose 5*z + 12 = -3*h, 0 = z - 3*h + 21 - 33. Suppose z = 13*c + 19*c - 256. Calculate the remainder when 349 is divided by c.
5
Suppose -5 = 2*w - 4*h - 27, -3*h - 9 = -w. Suppose w*r + 540 = 2880. Calculate the remainder when r is divided by 79.
77
Suppose 4*i + 5*f = 120208, 3*i - f + 50477 = 140633. What is the remainder when i is divided by 34?
30
Let y = 2470 + -3565. Let h = y + 1705. Calculate the remainder when h is divided by 13.
12
Let b = 588 + -581. What is the remainder when 229 is divided by b/14*-2*-13?
8
Suppose 5*q + 1172 = -153*w + 155*w, w - 4*q - 589 = 0. What is the remainder when w is divided by 308?
273
Let s = 9140 - 8509. Calculate the remainder when s is divided by 47.
20
Suppose 12775 = 2*n + 71*n. Calculate the remainder when n is divided by 70.
35
Let h(v) = 5*v - 11. Let w be h(-5). Calculate the remainder when 13 is divided by (-3 + 3/9)/(24/w).
1
Let u(g) = g**2 - 7*g - 6. Suppose 0 = 3*n + w - 667, 0 = -5*n + 6*w - 2*w + 1140. What is the remainder when n is divided by u(-4)?
34
What is the remainder when 541 is divided by (882/7)/14 - 0?
1
Suppose 4*i = 4*g - 868, -1463*g + i + 427 = -1461*g. What is the remainder when g is divided by 141?
69
Let h(u) = -13*u - 1. Let p(n) = -26*n - 2. Let q(i) = 9*h(i) - 4*p(i). What is the remainder when q(-2) is divided by ((-28)/3)/((-16)/168*7)?
11
Let f(g) = 2*g + 27. Let h be f(-10). Suppose -h*k + 9*k = 286. Let p = k - 100. Calculate the remainder when 83 is divided by p.
40
Let c(v) = v**2 -